- 7, 5*h + 2*m - 20 = 0. Calculate the remainder when 21/(-1 + 3 - 1) is divided by h.
3
Let a(c) = -3*c - 4. What is the remainder when 35 is divided by a(-8)?
15
Suppose 5*q + 92 - 10 = 2*z, -3*q = -5*z + 186. Let g = -21 + z. What is the remainder when 29 is divided by g?
14
Let v = -614 - -161. Let y be 2/3 + v/(-9). Suppose 0*g = 2*g - 3*i - 33, -4*i - y = -3*g. Calculate the remainder when g is divided by 8.
5
Let s(c) = -3*c + 4. Let h(k) = 5*k - 1 - 2*k - 2*k + 37*k**2 + 0. Calculate the remainder when h(1) is divided by s(-3).
11
Let q = -20 + 50. Calculate the remainder when 59 is divided by q.
29
Suppose -5*n + 1 + 224 = 0. What is the remainder when n is divided by 24?
21
Let u(q) = q - 10. Let b be u(10). Suppose b = -t + i + 2*i + 23, 5*t - 55 = 3*i. What is the remainder when 23 is divided by t?
7
Let v(i) = 6*i**2 - i. Let b(o) = -o**2 + 4*o - 3. Let l be b(2). What is the remainder when 2/(-11) - (-1872)/132 is divided by v(l)?
4
What is the remainder when 76 is divided by -2*6/(-4) + (-9 - -32)?
24
Let v(f) = -f**2 - 5*f**3 + 2 + 2*f**3 - 3 - 2*f. Let u be v(-1). Suppose i - 3*i = 6, -5*l + 19 = -u*i. What is the remainder when 2 is divided by l?
0
Calculate the remainder when 47 is divided by (2 + 11/2)*(-24)/(-15).
11
Suppose -3*l = 4*d + d - 78, 2*d + 5*l - 16 = 0. Suppose -4*i = -i. Suppose z - 34 = -i*z. Calculate the remainder when z is divided by d.
16
Suppose 9*n - 6*n - 183 = 0. Calculate the remainder when n is divided by 21.
19
Let a be (-30)/(-9) + (-4)/(-6). Suppose q + 87 = 5*c - 3*q, -a*q + 46 = 2*c. What is the remainder when c is divided by ((-56)/(-12))/(((-6)/(-9))/1)?
5
Suppose 0*h + 4*n = 3*h - 14, -4 = 2*h + 4*n. Suppose t - h - 11 = 0. Calculate the remainder when 24 is divided by t.
11
Let k(p) = 9*p**2 - 4 + 2 + p + p**2 - p**3 - 3*p. What is the remainder when k(9) is divided by 21?
19
Let h = 10 + 3. Calculate the remainder when 50 is divided by h.
11
Let l = 7 + -1. Calculate the remainder when 4/2*87/l is divided by 8.
5
Suppose -13*p - 19 = -14*p. Calculate the remainder when 35 is divided by p.
16
What is the remainder when 1 + (-16)/12*-3 is divided by 2?
1
Let p(j) = -3*j**2 + j**2 + 5*j - 2 + 4*j**2. What is the remainder when p(-4) is divided by 6?
4
What is the remainder when (-2)/(-16) + 9233/56 is divided by 57?
51
Let a = 203 + -53. What is the remainder when a is divided by 39?
33
Suppose 7*g - 232 = 3*g. Let r = g - 19. What is the remainder when r is divided by 10?
9
Let b(c) = 4*c**2 - 9*c - 5. What is the remainder when b(4) is divided by 9?
5
Let q = -25 - -54. Let b = 22 + -42. Let z = b + q. What is the remainder when 16 is divided by z?
7
Let g(j) = j**2 + 5*j - 28. Calculate the remainder when g(7) is divided by 19.
18
Let r = -3 + 23. Suppose 3*w + 3 = -0. What is the remainder when w*(-60 + (5 - 3)) is divided by r?
18
Suppose 2*z = 3*z - 3. Let u = 17 + 2. What is the remainder when u is divided by 1*9 - (-3)/z?
9
Let j(n) = 3*n**3 - 2*n + 1. Let a be j(1). Suppose -r = s - 5*s + 84, -3*s = a*r - 63. What is the remainder when 39 is divided by s?
18
Let m = 186 - 29. What is the remainder when m is divided by 53?
51
Let k = -10 + 40. Suppose 28 = 2*c + 3*s, -4*s + 0*s + k = 2*c. What is the remainder when 41 is divided by c?
8
Let a be (-35 + -3 + 6)*-1. Suppose -s - s + a = 0. Calculate the remainder when s is divided by 9.
7
Let u = 137 - 122. Calculate the remainder when 73 is divided by u.
13
Let y(s) = -7*s**2 - s**3 - 2 + 1 - 7 + 12*s. Let p be y(-9). Suppose 3*v - p = -10. What is the remainder when 34 is divided by v?
10
Let m(i) = i**2 + 5. Let k be m(0). Let p = k + -3. Suppose -p*g + 4*g = 68. What is the remainder when g is divided by 12?
10
Suppose -y - 97 = -5*r, 6*r + 4*y - 72 = 3*r. Suppose -2*b + 490 = 3*b. Calculate the remainder when b is divided by r.
18
Suppose -b = -5*h + 3*b + 79, 3*b = h - 18. Let l(d) = -d**2 + 8*d - 3. What is the remainder when h is divided by l(7)?
3
Let y = -104 + 126. What is the remainder when 106 is divided by y?
18
Let h(q) = -q**3 + 6*q**2 + 9*q - 8. Let j be h(7). Let a be (4/5)/(j/15). Suppose -22 - 6 = -a*m. Calculate the remainder when m is divided by 8.
6
Let p(r) = r**3 + 9*r**2 + 7*r + 6. Calculate the remainder when 54 is divided by p(-8).
12
Let o(t) = t**3 - 5*t**2 + 5*t - 4. Calculate the remainder when o(5) is divided by 8.
5
Let d = -8 - -11. Calculate the remainder when 3/(-5)*25/(-3) is divided by d.
2
Suppose 4*p - 5 = -5*q, 0*q - 5*q + 5 = -p. Suppose -u = -4*s + u + 286, p = 2*s - 4*u - 128. Calculate the remainder when s is divided by 25.
24
Let t(k) = k**3 + 6*k**2 + 6*k + 4. What is the remainder when 25 is divided by t(-3)?
12
Let w = 2 + 5. Suppose -4*j + x + 6 = 0, -3*x + 10 = 2*j - 0. Suppose -j*b = 2*b - 20. Calculate the remainder when w is divided by b.
2
Suppose -2*t + 180 = t. What is the remainder when (30/(-9))/((-8)/t) is divided by 9?
7
Suppose -2 = w - 2*w. Suppose -u = w, 5*u + 24 = 2*i - 14. Suppose 103*h - 105*h + 54 = 0. Calculate the remainder when h is divided by i.
13
Let l(v) = 10*v + 8. Calculate the remainder when l(5) is divided by 10.
8
Suppose -19*o + 72 = -16*o. Let x(f) = 8*f**2 - f + 1. Calculate the remainder when x(3) is divided by o.
22
Let v be ((-1)/1 + 1)/1. Suppose -4*x = p - 82, -3*p = 3*x - v*p - 66. What is the remainder when x is divided by 11?
9
Let u(t) = 2*t**3 + t - 1. Calculate the remainder when 31 is divided by u(2).
14
Let c(f) = 3*f**2 - 3*f. Suppose 3*n + 0*n = 6. What is the remainder when c(n) is divided by 3?
0
Let z(g) = -g**2 - 7*g - 7. Let q be z(-5). What is the remainder when 40 is divided by ((q - 1) + 3)*3?
10
Let f = 6 - -25. What is the remainder when f is divided by 8?
7
Let d(i) = i - 4. Calculate the remainder when d(5) is divided by 1.
0
Suppose 5*i + 3*x - 319 = -98, 4*i - 2*x = 168. Let u(n) = n**2 + 11. Calculate the remainder when i is divided by u(0).
10
Suppose -3*d + 68 = -d. Let f = 52 - d. What is the remainder when 53 is divided by f?
17
Let f = 3 - 1. Suppose 8*k - 12*k = -8. Suppose k = 2*j - f. Calculate the remainder when 7 is divided by j.
1
Suppose -12 = -b + 3. Calculate the remainder when 43 is divided by b.
13
Suppose 2*c = 3*f - 52, 9*c = 5*f + 4*c - 85. Suppose 2*u = 4*d + 20, 0 = -3*u + 2*d + 31 - 1. What is the remainder when f is divided by u?
8
Let x = -6 + 8. Let t be -62 + x - 4/4. Let a = 129 + t. What is the remainder when a is divided by 23?
22
Let v = 342 - 231. What is the remainder when v is divided by 23?
19
Calculate the remainder when (-2 - -17)/((-1)/15*-9) is divided by 9.
7
Suppose -k + 16 = -0. Suppose 0*h - 6 = -3*h. Suppose h*m = 3*m - 9. What is the remainder when k is divided by m?
7
Suppose -6*i = -2*i - 16. What is the remainder when 8 is divided by i*2 - (-9)/(-3)?
3
Let p = -55 - -70. What is the remainder when p is divided by 6?
3
What is the remainder when (0 - -84)*6/12 is divided by 9?
6
Suppose 0 = -2*t + 1 - 7. What is the remainder when 19 is divided by (-26)/((-2)/1) + t?
9
Suppose 2*o + 31 = 165. Let h = o + -33. Calculate the remainder when h is divided by 12.
10
Calculate the remainder when 2/12 + 82/12 is divided by 3.
1
Let k = -5 + 8. Suppose -k*d = -6*d + 81. Suppose 17 = 4*c - d. What is the remainder when 20 is divided by c?
9
Suppose 4*y + 52 = 276. What is the remainder when y is divided by 15?
11
Let h = -43 - -55. What is the remainder when 47 is divided by h?
11
Suppose 8*o - 15 = 3*o. Let j(g) = 2*g - 2. Let b = 6 - 0. What is the remainder when b is divided by j(o)?
2
Let y be 16/6 - (-4)/12. Let x(w) = 2*w**2 - w - 1. Let d(s) = 3*s**2 + 2*s. Calculate the remainder when x(y) is divided by d(-2).
6
Let a = -11 + 21. Suppose -i - i - 23 = 5*s, a = -5*i - 3*s. Let l(d) = 50*d. What is the remainder when l(i) is divided by 17?
16
Let u(c) = -3*c**3 - 4*c**2 - 2*c + 1. Let t = 0 - 2. Calculate the remainder when 36 is divided by u(t).
10
Let y = -45 + 89. Let w = y + -15. Calculate the remainder when w is divided by 8.
5
Suppose -2*f = -0*f - 14. Let s be (1/(-2))/(1/4). Let q = s + 6. What is the remainder when f is divided by q?
3
Let g = 37 + -3. Suppose -3*t - 4*k = -46, 2*k = -2*t - 2*t + 68. Calculate the remainder when g is divided by t.
16
Suppose -3*q + 3 =